{"id":2735,"date":"2025-05-23T16:34:37","date_gmt":"2025-05-23T16:34:37","guid":{"rendered":"https:\/\/www.verein-interkultur.eu\/main_neu\/?page_id=2735"},"modified":"2026-02-02T16:39:02","modified_gmt":"2026-02-02T16:39:02","slug":"cafe-one-world-2","status":"publish","type":"page","link":"https:\/\/www.verein-interkultur.eu\/main_neu\/?page_id=2735","title":{"rendered":"Caf\u00e9 One World"},"content":{"rendered":"\n<p class=\"has-text-align-center\">Der beliebte Treffpunkt f\u00fcr Menschen aus aller Welt ist <br \/><strong>jeden ersten Sonntag im Monat ab 14 Uhr ge\u00f6ffne<\/strong>t.<\/p>\n\n\n\n<div class=\"wp-block-columns has-light-gray-background-color has-background is-layout-flex wp-container-core-columns-is-layout-9d6595d7 wp-block-columns-is-layout-flex\">\n<div class=\"wp-block-column is-vertically-aligned-center is-layout-flow wp-block-column-is-layout-flow\" style=\"flex-basis:66.66%\"><div class=\"wp-block-image\">\n<figure class=\"aligncenter size-full\"><a href=\"http:\/\/www.verein-interkultur.eu\/main_neu\/wp-content\/uploads\/2025\/05\/Cafe-one-World.jpg\"><img loading=\"lazy\" decoding=\"async\" width=\"709\" height=\"472\" src=\"http:\/\/www.verein-interkultur.eu\/main_neu\/wp-content\/uploads\/2025\/05\/Cafe-one-World.jpg\" alt=\"\" class=\"wp-image-2737\" srcset=\"https:\/\/www.verein-interkultur.eu\/main_neu\/wp-content\/uploads\/2025\/05\/Cafe-one-World.jpg 709w, https:\/\/www.verein-interkultur.eu\/main_neu\/wp-content\/uploads\/2025\/05\/Cafe-one-World-300x200.jpg 300w, https:\/\/www.verein-interkultur.eu\/main_neu\/wp-content\/uploads\/2025\/05\/Cafe-one-World-451x300.jpg 451w\" sizes=\"auto, (max-width: 709px) 100vw, 709px\" \/><\/a><\/figure>\n<\/div><\/div>\n\n\n\n<div class=\"wp-block-column is-vertically-aligned-center is-layout-flow wp-block-column-is-layout-flow\" style=\"flex-basis:33.33%\">\n<p>Die Ehrenamtlichen des Vereins Interkultur freuen sich \u00fcber tatkr\u00e4ftige Unterst\u00fctzung, Kuchenspenden, aber vor allem auf zahlreiche Besucherinnen und Besucher!<\/p>\n<\/div>\n<\/div>\n\n\n\n<p><strong>Termine 2026<\/strong>:<br \/>01. M\u00e4rz<br \/>12. April<br \/>3. Mai<br \/>7. Juni<\/p>\n","protected":false},"excerpt":{"rendered":"<p>Der beliebte Treffpunkt f\u00fcr Menschen aus aller Welt ist jeden ersten Sonntag im Monat ab 14 Uhr ge\u00f6ffnet. Die Ehrenamtlichen des Vereins Interkultur freuen sich \u00fcber tatkr\u00e4ftige Unterst\u00fctzung, Kuchenspenden, aber vor allem auf zahlreiche Besucherinnen und Besucher! Termine 2026:01. M\u00e4rz12. &hellip; <a href=\"https:\/\/www.verein-interkultur.eu\/main_neu\/?page_id=2735\">Weiterlesen <span class=\"meta-nav\">&rarr;<\/span><\/a><\/p>\n","protected":false},"author":8,"featured_media":0,"parent":0,"menu_order":0,"comment_status":"closed","ping_status":"closed","template":"","meta":{"footnotes":""},"class_list":["post-2735","page","type-page","status-publish","hentry"],"_links":{"self":[{"href":"https:\/\/www.verein-interkultur.eu\/main_neu\/index.php?rest_route=\/wp\/v2\/pages\/2735","targetHints":{"allow":["GET"]}}],"collection":[{"href":"https:\/\/www.verein-interkultur.eu\/main_neu\/index.php?rest_route=\/wp\/v2\/pages"}],"about":[{"href":"https:\/\/www.verein-interkultur.eu\/main_neu\/index.php?rest_route=\/wp\/v2\/types\/page"}],"author":[{"embeddable":true,"href":"https:\/\/www.verein-interkultur.eu\/main_neu\/index.php?rest_route=\/wp\/v2\/users\/8"}],"replies":[{"embeddable":true,"href":"https:\/\/www.verein-interkultur.eu\/main_neu\/index.php?rest_route=%2Fwp%2Fv2%2Fcomments&post=2735"}],"version-history":[{"count":5,"href":"https:\/\/www.verein-interkultur.eu\/main_neu\/index.php?rest_route=\/wp\/v2\/pages\/2735\/revisions"}],"predecessor-version":[{"id":2942,"href":"https:\/\/www.verein-interkultur.eu\/main_neu\/index.php?rest_route=\/wp\/v2\/pages\/2735\/revisions\/2942"}],"wp:attachment":[{"href":"https:\/\/www.verein-interkultur.eu\/main_neu\/index.php?rest_route=%2Fwp%2Fv2%2Fmedia&parent=2735"}],"curies":[{"name":"wp","href":"https:\/\/api.w.org\/{rel}","templated":true}]}}