{"id":6,"date":"2013-03-28T10:20:56","date_gmt":"2013-03-28T10:20:56","guid":{"rendered":"http:\/\/www.interkultur-germersheim-ev.de\/main\/?page_id=6"},"modified":"2025-10-26T23:11:39","modified_gmt":"2025-10-26T23:11:39","slug":"wir-uber-uns","status":"publish","type":"page","link":"https:\/\/www.verein-interkultur.eu\/main_neu\/?page_id=6","title":{"rendered":"Wir \u00fcber uns"},"content":{"rendered":"\n<p>Die Gesellschaft, in der wir leben ist so vielf\u00e4ltig wie noch nie, und ein gutes Miteinander ist nicht immer selbstverst\u00e4ndlich. So erfordert das friedliche Zusammenleben Engagement, Toleranz sowie gegenseitigen Respekt.<br \/>Der Verein Interkultur hat es sich zum Ziel gesetzt, dieses Miteinander zu f\u00f6rdern, indem er den Menschen in Germersheim M\u00f6glichkeiten bietet, gemeinsam Vielfalt zu leben und zu gestalten.<br \/>Interkultur Germersheim e.V. wurde im Jahr 2000 gegr\u00fcndet und ist \u00fcberparteilich und \u00fcberkonfessionell.<\/p>\n\n\n<div class=\"wp-block-image\">\n<figure class=\"aligncenter size-full\"><a href=\"http:\/\/www.verein-interkultur.eu\/main_neu\/wp-content\/uploads\/2025\/05\/25-Jahre-Interkultur-Impressionen-Fest4-2.jpg\"><img loading=\"lazy\" decoding=\"async\" width=\"840\" height=\"560\" src=\"http:\/\/www.verein-interkultur.eu\/main_neu\/wp-content\/uploads\/2025\/05\/25-Jahre-Interkultur-Impressionen-Fest4-2.jpg\" alt=\"\" class=\"wp-image-2830\" srcset=\"https:\/\/www.verein-interkultur.eu\/main_neu\/wp-content\/uploads\/2025\/05\/25-Jahre-Interkultur-Impressionen-Fest4-2.jpg 840w, https:\/\/www.verein-interkultur.eu\/main_neu\/wp-content\/uploads\/2025\/05\/25-Jahre-Interkultur-Impressionen-Fest4-2-300x200.jpg 300w, https:\/\/www.verein-interkultur.eu\/main_neu\/wp-content\/uploads\/2025\/05\/25-Jahre-Interkultur-Impressionen-Fest4-2-768x512.jpg 768w, https:\/\/www.verein-interkultur.eu\/main_neu\/wp-content\/uploads\/2025\/05\/25-Jahre-Interkultur-Impressionen-Fest4-2-450x300.jpg 450w\" sizes=\"auto, (max-width: 840px) 100vw, 840px\" \/><\/a><\/figure>\n<\/div>\n\n\n<p class=\"has-text-align-left\">Unser Vereinshaus am Eingang zum Lamotte-Park in Germersheim ist ein offenes Haus und ein Ort der Begegnung und des Austausches. <br \/>Neben dem <a href=\"https:\/\/www.verein-interkultur.eu\/main_neu\/?page_id=2735\" data-type=\"page\" data-id=\"2735\">Caf\u00e9 One World<\/a> finden eine Reihe kultureller und interkultureller Veranstaltungen und Aktivit\u00e4ten im und am Haus statt, seien es <a href=\"https:\/\/www.verein-interkultur.eu\/main_neu\/?page_id=2742\" data-type=\"page\" data-id=\"2742\">Picknick-Konzerte<\/a>, der <a href=\"https:\/\/www.verein-interkultur.eu\/main_neu\/?page_id=2782\" data-type=\"page\" data-id=\"2782\">Frauentreff<\/a>, das Puppentheater, unser Lernprojekt &#8222;<a href=\"https:\/\/www.verein-interkultur.eu\/main_neu\/?page_id=2778\" data-type=\"page\" data-id=\"2778\">Pauken im Park<\/a>&#8220; und vieles mehr.<\/p>\n\n\n\n<h2 class=\"wp-block-heading\">Interessante Links<\/h2>\n\n\n\n<div class=\"wp-block-columns is-layout-flex wp-container-core-columns-is-layout-9d6595d7 wp-block-columns-is-layout-flex\">\n<div class=\"wp-block-column is-layout-flow wp-block-column-is-layout-flow\" style=\"flex-basis:33.33%\"><div class=\"wp-block-image\">\n<figure class=\"aligncenter size-full is-resized\"><a href=\"https:\/\/team31.jimdofree.com\/\" target=\"_blank\" rel=\" noreferrer noopener\"><img loading=\"lazy\" decoding=\"async\" width=\"168\" height=\"170\" src=\"https:\/\/www.verein-interkultur.eu\/main_neu\/wp-content\/uploads\/2025\/10\/Team31.jpg\" alt=\"\" class=\"wp-image-2939\" style=\"width:125px;height:auto\"\/><\/a><\/figure>\n<\/div><\/div>\n\n\n\n<div class=\"wp-block-column is-vertically-aligned-center is-layout-flow wp-block-column-is-layout-flow\" style=\"flex-basis:66.66%\">\n<p><a href=\"https:\/\/team31.jimdofree.com\/\" target=\"_blank\" rel=\"noreferrer noopener\">Team31 e.V<\/a>., die Fl\u00fcchtlingshilfe in Schifferstadt<\/p>\n<\/div>\n<\/div>\n\n\n\n<p><\/p>\n","protected":false},"excerpt":{"rendered":"<p>Die Gesellschaft, in der wir leben ist so vielf\u00e4ltig wie noch nie, und ein gutes Miteinander ist nicht immer selbstverst\u00e4ndlich. So erfordert das friedliche Zusammenleben Engagement, Toleranz sowie gegenseitigen Respekt.Der Verein Interkultur hat es sich zum Ziel gesetzt, dieses Miteinander &hellip; <a href=\"https:\/\/www.verein-interkultur.eu\/main_neu\/?page_id=6\">Weiterlesen <span class=\"meta-nav\">&rarr;<\/span><\/a><\/p>\n","protected":false},"author":8,"featured_media":0,"parent":0,"menu_order":0,"comment_status":"open","ping_status":"closed","template":"","meta":{"footnotes":""},"class_list":["post-6","page","type-page","status-publish","hentry"],"_links":{"self":[{"href":"https:\/\/www.verein-interkultur.eu\/main_neu\/index.php?rest_route=\/wp\/v2\/pages\/6","targetHints":{"allow":["GET"]}}],"collection":[{"href":"https:\/\/www.verein-interkultur.eu\/main_neu\/index.php?rest_route=\/wp\/v2\/pages"}],"about":[{"href":"https:\/\/www.verein-interkultur.eu\/main_neu\/index.php?rest_route=\/wp\/v2\/types\/page"}],"author":[{"embeddable":true,"href":"https:\/\/www.verein-interkultur.eu\/main_neu\/index.php?rest_route=\/wp\/v2\/users\/8"}],"replies":[{"embeddable":true,"href":"https:\/\/www.verein-interkultur.eu\/main_neu\/index.php?rest_route=%2Fwp%2Fv2%2Fcomments&post=6"}],"version-history":[{"count":10,"href":"https:\/\/www.verein-interkultur.eu\/main_neu\/index.php?rest_route=\/wp\/v2\/pages\/6\/revisions"}],"predecessor-version":[{"id":2938,"href":"https:\/\/www.verein-interkultur.eu\/main_neu\/index.php?rest_route=\/wp\/v2\/pages\/6\/revisions\/2938"}],"wp:attachment":[{"href":"https:\/\/www.verein-interkultur.eu\/main_neu\/index.php?rest_route=%2Fwp%2Fv2%2Fmedia&parent=6"}],"curies":[{"name":"wp","href":"https:\/\/api.w.org\/{rel}","templated":true}]}}